ase 16, what is -2a3eb0 + -e?
-2a3ebe
In base 8, what is 30507 + -52544?
-22035
In base 10, what is -127079 - -16?
-127063
In base 8, what is -253555025 - 0?
-253555025
In base 4, what is 201202031 - -1011?
201203102
In base 8, what is -73546 + -72?
-73640
In base 10, what is -14 - 1095453?
-1095467
In base 16, what is 490d20 - -2?
490d22
In base 12, what is -11 - 3220a0?
-3220b1
In base 4, what is -12102 + -21320111?
-21332213
In base 6, what is 2110201 - -5?
2110210
In base 2, what is -1101110101101000 + -101111?
-1101110110010111
In base 10, what is 8864443 - 6?
8864437
In base 2, what is 1010 - 1000111111011111101000010?
-1000111111011111100111000
In base 13, what is 1a030a - 34?
1a02a6
In base 8, what is 121737607 + 16?
121737625
In base 11, what is -6a26752 + 3?
-6a2674a
In base 13, what is ac088 - -3a?
ac0c5
In base 5, what is 4140333 + 1020?
4141403
In base 16, what is 16792 + 33b?
16acd
In base 5, what is -111401 - 40133?
-202034
In base 12, what is -52 - 56061?
-560b3
In base 12, what is -1832 + -a15?
-2647
In base 16, what is 3 + 3567e3?
3567e6
In base 8, what is -4 + 17437163?
17437157
In base 15, what is -40 + -872ed?
-8733d
In base 12, what is 1059a - -260b?
12ba9
In base 4, what is -103112011 + 211333?
-102300012
In base 10, what is 2 + -212821791?
-212821789
In base 10, what is 7499597 + -3?
7499594
In base 4, what is -2122213022320 + 0?
-2122213022320
In base 6, what is -3010423552 - -1?
-3010423551
In base 9, what is 1805008 - -22?
1805031
In base 3, what is 2120021001021 - -1121?
2120021002212
In base 13, what is 237 - -13352?
13589
In base 10, what is -8097 - -4003?
-4094
In base 12, what is -637a2 - 3b5?
-63b97
In base 16, what is -15 - 134dc6b?
-134dc80
In base 2, what is 110011100110 + -1101100001100?
-111000100110
In base 13, what is -9b39 + -4?
-9b40
In base 10, what is 28 + -924011?
-923983
In base 4, what is -122021113012001 - -11?
-122021113011330
In base 16, what is -1e94 + 507?
-198d
In base 12, what is -152043 - 1a3b?
-153a82
In base 2, what is -111100111001000011001 - -1000?
-111100111001000010001
In base 11, what is 38591a + 10?
38592a
In base 9, what is -216 - 146512?
-146728
In base 15, what is e + -d51c95?
-d51c86
In base 11, what is -22264833 - 1?
-22264834
In base 8, what is 100 + 3346377?
3346477
In base 3, what is 101120 - 112012101?
-111210211
In base 2, what is -101110111110011110110001 + 1111?
-101110111110011110100010
In base 11, what is -6 - 8110643?
-8110649
In base 14, what is 4bbd + -421?
479c
In base 8, what is 2 - 14513637?
-14513635
In base 15, what is 17322 - 56?
172bb
In base 4, what is -3 + 123313133221?
123313133212
In base 11, what is -1634 + 156631?
154aa8
In base 16, what is 2595d3 - -1?
2595d4
In base 3, what is -22 + 211201011010101?
211201011010002
In base 16, what is 198c + -3247?
-18bb
In base 7, what is -504533030 + -30?
-504533060
In base 16, what is 312c2 + -11?
312b1
In base 8, what is 4 + 261353746?
261353752
In base 2, what is 1101010100 - -11000011110100001100?
11000100000001100000
In base 6, what is -42222355134 - 10?
-42222355144
In base 12, what is 98a + 27ba?
3588
In base 4, what is -2121203 - 13123011?
-21310220
In base 6, what is -30411103 - -31?
-30411032
In base 11, what is 1439 - 290?
1159
In base 10, what is 468442 - 413?
468029
In base 14, what is b - -1191c2?
1191cd
In base 6, what is -5514112 - 132?
-5514244
In base 4, what is 102302 + 200011020?
200113322
In base 6, what is -1 - 3203303545?
-3203303550
In base 7, what is 6011400110 - 3?
6011400104
In base 12, what is -346 - 18423?
-18769
In base 2, what is -10111001011110110 - 1000001100?
-10111010100000010
In base 11, what is -2 - -196971a?
1969718
In base 4, what is 311203010 + -1223130?
303313220
In base 11, what is a1 + -44a19a?
-44a0a9
In base 7, what is 3 + 5135245?
5135251
In base 12, what is -406893 - -283?
-406610
In base 12, what is 5b8a5 - 3982?
57b23
In base 7, what is -105312034 + -3?
-105312040
In base 7, what is -303462240 - -61?
-303462146
In base 6, what is -132 - -1300045?
1255513
In base 11, what is 56 - -a2809?
a2864
In base 14, what is -1 + 28dcaad?
28dcaac
In base 9, what is -711602642 + -4?
-711602646
In base 4, what is 0 + -11302223303?
-11302223303
In base 7, what is -1346661 - 34?
-1350025
In base 10, what is 493 - 344054?
-343561
In base 3, what is -11210 + 1120002022102?
1120002010122
In base 4, what is 1233332 + -203223?
1030103
In base 4, what is 1111031113 - 113322?
1110311131
In base 6, what is 2 - -11212213452?
11212213454
In base 2, what is 1001110000 - -111111000110110110110?
111111001000000100110
In base 10, what is -6 - -57663848?
57663842
In base 2, what is 0 - 10000000100001000001?
-10000000100001000001
In base 5, what is -103 + 30232342404?
30232342301
In base 3, what is 1 - -21220221022001210?
21220221022001211
In base 3, what is -1100112 + 100001?
-1000111
In base 8, what is 105 - -21101033?
21101140
In base 7, what is -2540514 - 36?
-2540553
In base 6, what is -1 - 5035054131?
-5035054132
In base 12, what is -b8 + -6951?
-6a49
In base 9, what is -2460041 - 58?
-2460110
In base 5, what is 14403324013 - 34?
14403323424
In base 3, what is -1100001110011 + -1221?
-1100001112002
In base 11, what is 15894a9 + 2?
1589500
In base 7, what is -10513160 + 13?
-10513144
In base 8, what is 10407135 + 11?
10407146
In base 15, what is -5 - -843caae?
843caa9
In base 2, what is 10110111 - -1110011110111?
1110110101110
In base 12, what is 9a609 - -154?
9a761
In base 4, what is -13112322300 - 0?
-13112322300
In base 4, what is 103332 + -2100233?
-1330301
In base 2, what is 101011011001100101110111000111 + -11?
101011011001100101110111000100
In base 2, what is 0 + 1011001011000010101?
1011001011000010101
In base 8, what is 474016701 - -5?
474016706
In base 16, what is -de0f + -b9?
-dec8
In base 12, what is -1 - -274921?
274920
In base 6, what is 2 + -11323000340?
-11323000334
In base 8, what is 2330315 + -1222?
2327073
In base 5, what is 21 + -11311433220?
-11311433144
In base 5, what is -1341 - -142130223?
142123332
In base 13, what is 963669c + 0?
963669c
In base 11, what is 16 - 37891290?
-37891275
In base 10, what is -1 - -5615012?
5615011
In base 5, what is -32111202004 - 1?
-32111202010
In base 3, what is -101112 + -1101112220?
-1101221102
In base 11, what is -3 + 1083276?
1083273
In base 13, what is 7c - -9c9b?
a04a
In base 6, what is -1025005305 + -4?
-1025005313
In base 6, what is 25235 + -240013?
-210334
In base 2, what is -1000011 + -10100010111011100111?
-10100010111100101010
In base 13, what is -106b - 22080?
-2311b
In base 13, what is b94204 + 2?
b94206
In base 3, what is -22 + -20011001102112?
-20011001102211
In base 9, what is -17673558 - 12?
-17673571
In base 2, what is -101 + 100111001100000110?
100111001100000001
In base 10, what is 312137 - 3599?
308538
In base 2, what is 100 + -11101011010101111000?
-11101011010101110100
In base 12, what is 4a39 - -3170?
7ba9
In base 4, what is -13 + 223302310?
223302231
In base 7, what is -3014245553 - 5?
-3014245561
In base 13, what is -152c70b - 124?
-152c832
In base 8, what is 172 + -114731?
-114537
In base 14, what is 11d + 9335?
9454
In base 11, what is -40169a6 + 2?
-40169a4
In base 11, what is 73399 + -2a?
7336a
In base 6, what is -201 + 44520130?
44515525
In base 14, what is -20a187 - 9?
-20a192
In base 6, what is 1244055134 + 134?
1244055312
In base 16, what is b0ef1 - 8?
b0ee9
In base 4, what is 11010023 - -11300?
11021323
In base 8, what is -2015222 - 455?
-2015677
In base 5, what is -444 - 1404042?
-1410041
In base 2, what is 110101100011 - 100010011111101?
-11011110011010
In base 6, what is 33155450 - -134?
33200024
In base 6, what is -154 + -1124045025?
-1124045223
In base 13, what is -411a18 + -17?
-411a32
In base 13, what is -77a + -24c?
-9c9
In base 15, what is -2 + 700e3bb?
700e3b9
In base 12, what is -4874796 + a?
-4874788
In base 4, what is -103333222 + -320101?
-110313323
In base 15, what is 100 + 25297?
25397
In base 11, what is 76703 + a43?
77646
In base 12, what is -523ab + 1959?
-50652
In base 14, what is 47 - -39d0b?
39d54
In base 15, what is 6a083 + a01?
6aa84
In base 13, what is -174508 - 1?
-174509
In base 14, what is 4 - -5959465?
5959469
In base 3, what is -1001001021010202 + 11?
-1001001021010121
